, 23, 10589
List the prime factors of 299356.
2, 67, 1117
List the prime factors of 191630.
2, 5, 19163
List the prime factors of 408447.
3, 13, 3491
What are the prime factors of 404207?
619, 653
List the prime factors of 2017019.
2017019
What are the prime factors of 36791?
36791
What are the prime factors of 523982?
2, 19, 13789
List the prime factors of 14187669.
3, 4729223
List the prime factors of 1927575.
3, 5, 13, 659
List the prime factors of 1514584.
2, 83, 2281
List the prime factors of 901886.
2, 450943
List the prime factors of 24093557.
24093557
List the prime factors of 100744.
2, 7, 257
What are the prime factors of 601224?
2, 3, 13, 41, 47
List the prime factors of 16005693.
3, 11, 485021
What are the prime factors of 37434135?
3, 5, 101, 24709
What are the prime factors of 26201552?
2, 13, 103, 1223
List the prime factors of 40394562.
2, 3, 13, 113, 4583
List the prime factors of 728973.
3, 7, 19, 29
List the prime factors of 9334066.
2, 7, 103, 6473
What are the prime factors of 24896600?
2, 5, 281, 443
List the prime factors of 819944.
2, 17, 6029
List the prime factors of 1074924.
2, 3, 37, 269
What are the prime factors of 4715677?
137, 34421
What are the prime factors of 13029472?
2, 41, 9931
What are the prime factors of 4277401?
1907, 2243
List the prime factors of 15605214.
2, 3, 31, 53, 1583
What are the prime factors of 53567?
17, 23, 137
List the prime factors of 359287.
53, 6779
What are the prime factors of 68201?
7, 9743
What are the prime factors of 907916?
2, 353, 643
List the prime factors of 2169523.
17, 7507
List the prime factors of 611447.
617, 991
List the prime factors of 328966.
2, 11, 19, 787
List the prime factors of 50406.
2, 3, 31, 271
What are the prime factors of 404415?
3, 5, 11, 19, 43
List the prime factors of 276390.
2, 3, 5, 37, 83
List the prime factors of 1077210.
2, 3, 5, 11969
List the prime factors of 10443042.
2, 3, 580169
What are the prime factors of 2310403?
193, 11971
What are the prime factors of 442133?
67, 6599
What are the prime factors of 250773?
3, 83591
List the prime factors of 7671913.
17, 37, 12197
What are the prime factors of 5564207?
11, 19, 79, 337
List the prime factors of 1507518.
2, 3, 27917
List the prime factors of 1859375.
5, 7, 17
List the prime factors of 21185359.
13, 1629643
What are the prime factors of 1743087?
3, 581029
What are the prime factors of 4510963?
59, 101, 757
What are the prime factors of 169439?
17, 9967
List the prime factors of 38267.
17, 2251
What are the prime factors of 10096446?
2, 3, 47, 35803
List the prime factors of 5563795.
5, 29, 38371
What are the prime factors of 628597?
281, 2237
List the prime factors of 196722.
2, 3, 3643
List the prime factors of 3575428.
2, 893857
List the prime factors of 4142517.
3, 41, 33679
List the prime factors of 124581.
3, 131, 317
What are the prime factors of 16598205?
3, 5, 13, 17, 1669
List the prime factors of 422290.
2, 5, 11, 349
List the prime factors of 293557.
11, 26687
What are the prime factors of 2303901?
3, 255989
List the prime factors of 1746539.
1746539
What are the prime factors of 759959?
759959
What are the prime factors of 390882?
2, 3, 65147
List the prime factors of 750605.
5, 23, 61, 107
List the prime factors of 40038288.
2, 3, 834131
What are the prime factors of 1531461?
3, 29, 607
List the prime factors of 2432627.
19, 128033
List the prime factors of 11170572.
2, 3, 7, 71, 1873
List the prime factors of 2945589.
3, 19, 31, 1667
What are the prime factors of 18450514?
2, 1459, 6323
What are the prime factors of 14062106?
2, 2417, 2909
List the prime factors of 980516.
2, 245129
What are the prime factors of 362621?
7, 51803
What are the prime factors of 3088127?
7, 19, 31, 107
What are the prime factors of 325353?
3, 7, 15493
What are the prime factors of 177157?
17, 613
What are the prime factors of 332046?
2, 3, 11, 13, 43
What are the prime factors of 146334?
2, 3, 29
What are the prime factors of 2714815?
5, 17, 19, 41
What are the prime factors of 506956?
2, 126739
What are the prime factors of 170777?
170777
List the prime factors of 1142464.
2, 17851
List the prime factors of 12263743.
149, 82307
List the prime factors of 127828.
2, 31957
What are the prime factors of 102577?
67, 1531
What are the prime factors of 187832?
2, 53, 443
What are the prime factors of 90629?
7, 11, 107
What are the prime factors of 148827?
3, 7, 19, 373
List the prime factors of 12204514.
2, 7, 31, 61, 461
What are the prime factors of 456463?
7, 61, 1069
What are the prime factors of 364715?
5, 13, 31, 181
List the prime factors of 3887513.
7, 79337
List the prime factors of 298467.
3, 13, 2551
List the prime factors of 14613163.
43, 339841
What are the prime factors of 60069?
3, 20023
List the prime factors of 6128345.
5, 337, 3637
List the prime factors of 1074854.
2, 11, 48857
What are the prime factors of 12003521?
3413, 3517
List the prime factors of 24919508.
2, 6229877
List the prime factors of 1960879.
1960879
List the prime factors of 2036826.
2, 3, 11, 127
List the prime factors of 6288.
2, 3, 131
What are the prime factors of 1018604?
2, 41, 6211
List the prime factors of 559354.
2, 307, 911
List the prime factors of 20177938.
2, 11, 917179
List the prime factors of 4942618.
2, 2471309
What are the prime factors of 717581?
717581
What are the prime factors of 1865724?
2, 3, 7, 19, 167
List the prime factors of 7485445.
5, 11, 136099
What are the prime factors of 310280?
2, 5, 7757
What are the prime factors of 11815748?
2, 7, 17, 103, 241
List the prime factors of 30518141.
1499, 20359
What are the prime factors of 268766?
2, 61, 2203
What are the prime factors of 1481961?
3, 13, 37, 79
What are the prime factors of 7106530?
2, 5, 41, 17333
List the prime factors of 220877.
220877
List the prime factors of 2108690.
2, 5, 210869
List the prime factors of 2414855.
5, 482971
List the prime factors of 1892571.
3, 19, 33203
List the prime factors of 1165556.
2, 7, 41627
List the prime factors of 2050922.
2, 787, 1303
What are the prime factors of 5653295?
5, 353, 3203
What are the prime factors of 589893?
3, 19, 79, 131
What are the prime factors of 3438895?
5, 687779
What are the prime factors of 11878621?
43, 276247
What are the prime factors of 263756?
2, 233, 283
What are the prime factors of 101542?
2, 7, 7253
List the prime factors of 82169.
127, 647
What are the prime factors of 16440730?
2, 5, 1644073
What are the prime factors of 3812822?
2, 13, 146647
What are the prime factors of 215217?
3, 2657
List the prime factors of 400859.
400859
What are the prime factors of 197742?
2, 3, 32957
List the prime factors of 360241.
7, 53, 971
List the prime factors of 190719.
3, 21191
List the prime factors of 11098150.
2, 5, 7, 37, 857
List the prime factors of 4174250.
2, 5, 59, 283
List the prime factors of 169689.
3, 13, 19, 229
What are the prime factors of 16847923?
16847923
List the prime factors of 181266.
2, 3, 30211
List the prime factors of 582614.
2, 31, 9397
List the prime factors of 554358.
2, 3, 7, 67, 197
List the prime factors of 3442056.
2, 3, 143419
What are the prime factors of 2160487?
7, 308641
What are the prime factors of 357839?
357839
What are the prime factors of 672491?
263, 2557
List the prime factors of 9930631.
9930631
What are the prime factors of 286226?
2, 143113
What are the prime factors of 1777397?
157, 11321
List the prime factors of 820743.
3, 7, 11, 17, 19
List the prime factors of 317383.
11, 43, 61
What are the prime factors of 1328230?
2, 5, 317, 419
What are the prime factors of 19341812?
2, 7, 271, 2549
What are the prime factors of 108192?
2, 3, 7, 23
What are the prime factors of 914224?
2, 57139
What are the prime factors of 4527428?
2, 1131857
What are the prime factors of 9401?
7, 17, 79
List the prime factors of 2347712.
2, 36683
List the prime factors of 1766725.
5, 17, 4157
What are the prime factors of 216159?
3, 72053
List the prime factors of 127364.
2, 17, 1873
What are the prime factors of 3629306?
2, 1814653
What are the prime factors of 1579081?
7, 225583
List the prime factors of 9798518.
2, 2027, 2417
List the prime factors of 10244546.
2, 13, 349, 1129
List the prime factors of 23026541.
1483, 15527
List the prime fa